{"id":617,"date":"2026-03-20T22:05:07","date_gmt":"2026-03-20T21:05:07","guid":{"rendered":"https:\/\/perfumehouse.pl\/?post_type=product&#038;p=617"},"modified":"2026-03-20T22:14:13","modified_gmt":"2026-03-20T21:14:13","slug":"tom-ford-noir-2","status":"publish","type":"product","link":"https:\/\/perfumehouse.pl\/?product=tom-ford-noir-2","title":{"rendered":"Tom Ford Noir"},"content":{"rendered":"<p>Tom Ford &#8211; Noir &#8211; elegancki, dojrza\u0142y i sensualny, nie jest bardzo \u015bwie\u017cy jak klasyczne \u201eletnie\u201d perfumy, lecz raczej stworzony do wieczorowych sytuacji albo ch\u0142odniejszych p\u00f3r roku.<\/p>\n<p>W pierwszej kolejno\u015bci poczujesz cytrusowe nuty bergamotki z odrobin\u0105 czarnego pieprzu. Nast\u0119pnie do\u0142\u0105cz\u0105 si\u0119 nuty ga\u0142ki muszkato\u0142owej i bu\u0142garskiej r\u00f3\u017cy. Baza kompozycji zapachowej nale\u017cy do czystych, ciep\u0142ych akord\u00f3w ambry i wanilii.<\/p>\n<p data-start=\"1716\" data-end=\"1883\">To zapach dla m\u0119\u017cczyzny eleganckiego i pewnego siebie, kt\u00f3ry lubi kompozycje bogate, lekko tajemnicze i nieoczywiste.<\/p>\n<p data-start=\"1886\" data-end=\"2059\">Idealny na wiecz\u00f3r, randk\u0119 lub bardziej formalne okazje.<\/p>\n","protected":false},"excerpt":{"rendered":"<p>Tom Ford\u00a0 Noir &#8211; Odlewka perfum<\/p>\n","protected":false},"featured_media":598,"comment_status":"open","ping_status":"closed","template":"","meta":[],"product_brand":[],"product_cat":[19],"product_tag":[],"class_list":{"0":"post-617","1":"product","2":"type-product","3":"status-publish","4":"has-post-thumbnail","6":"product_cat-meskie","8":"first","9":"instock","10":"taxable","11":"shipping-taxable","12":"purchasable","13":"product-type-variable","14":"has-default-attributes"},"_links":{"self":[{"href":"https:\/\/perfumehouse.pl\/index.php?rest_route=\/wp\/v2\/product\/617","targetHints":{"allow":["GET"]}}],"collection":[{"href":"https:\/\/perfumehouse.pl\/index.php?rest_route=\/wp\/v2\/product"}],"about":[{"href":"https:\/\/perfumehouse.pl\/index.php?rest_route=\/wp\/v2\/types\/product"}],"replies":[{"embeddable":true,"href":"https:\/\/perfumehouse.pl\/index.php?rest_route=%2Fwp%2Fv2%2Fcomments&post=617"}],"wp:featuredmedia":[{"embeddable":true,"href":"https:\/\/perfumehouse.pl\/index.php?rest_route=\/wp\/v2\/media\/598"}],"wp:attachment":[{"href":"https:\/\/perfumehouse.pl\/index.php?rest_route=%2Fwp%2Fv2%2Fmedia&parent=617"}],"wp:term":[{"taxonomy":"product_brand","embeddable":true,"href":"https:\/\/perfumehouse.pl\/index.php?rest_route=%2Fwp%2Fv2%2Fproduct_brand&post=617"},{"taxonomy":"product_cat","embeddable":true,"href":"https:\/\/perfumehouse.pl\/index.php?rest_route=%2Fwp%2Fv2%2Fproduct_cat&post=617"},{"taxonomy":"product_tag","embeddable":true,"href":"https:\/\/perfumehouse.pl\/index.php?rest_route=%2Fwp%2Fv2%2Fproduct_tag&post=617"}],"curies":[{"name":"wp","href":"https:\/\/api.w.org\/{rel}","templated":true}]}}