{"id":401,"date":"2026-03-09T11:56:49","date_gmt":"2026-03-09T10:56:49","guid":{"rendered":"https:\/\/perfumehouse.pl\/?post_type=product&#038;p=401"},"modified":"2026-03-21T13:41:49","modified_gmt":"2026-03-21T12:41:49","slug":"prada-luna-rossa-ocean-edt","status":"publish","type":"product","link":"https:\/\/perfumehouse.pl\/?product=prada-luna-rossa-ocean-edt","title":{"rendered":"Prada Luna Rossa Ocean EDT"},"content":{"rendered":"<p>Prada Luna Rossa Ocean EDT to \u015bwie\u017cy, nowoczesny i energetyzuj\u0105cy zapach stworzony dla m\u0119\u017cczyzny, kt\u00f3ry ceni sobie wolno\u015b\u0107, dynamik\u0119 i poczucie przygody.<\/p>\n<p>Ten zapach jest idealny dla m\u0119\u017cczyzn, kt\u00f3rzy:<\/p>\n<p>-lubi\u0105 lekkie,<\/p>\n<p>-\u015bwie\u017ce i przyjemne aromaty, kt\u00f3re nie przyt\u0142aczaj\u0105, ale dzia\u0142aj\u0105 subtelnie i energetyzuj\u0105co,<\/p>\n<p>-chc\u0105 perfum, kt\u00f3re \u015bwietnie sprawdz\u0105 si\u0119 na co dzie\u0144, podczas spotka\u0144 z przyjaci\u00f3\u0142mi lub w ciep\u0142e, letnie dni<\/p>\n<p>-ceni\u0105 zapachy, kt\u00f3re oddaj\u0105 wolno\u015b\u0107, rze\u015bko\u015b\u0107 i nowoczesny styl \u017cycia<\/p>\n<p>-szukaj\u0105 aromatu, kt\u00f3ry podkre\u015bla naturalny charakter, a jednocze\u015bnie pozostaje elegancki<\/p>\n<p>Kompozycja otwiera si\u0119 soczyst\u0105 bergamotk\u0105 i nutami \u015bwie\u017cej mi\u0119ty, kt\u00f3re tworz\u0105 przyjemny, energetyzuj\u0105cy pocz\u0105tek. W sercu perfum pojawiaj\u0105 si\u0119 lawenda i delikatne akcenty wodne, kt\u00f3re dodaj\u0105 aromatowi \u015bwie\u017co\u015bci i lekko\u015bci. Baz\u0119 tworz\u0105 cedrowe i pi\u017cmowe akordy, kt\u00f3re nadaj\u0105 zapachowi g\u0142\u0119bi, m\u0119sko\u015bci i trwa\u0142o\u015bci, dzi\u0119ki czemu aromat pozostaje z Tob\u0105 przez wiele godzin.<\/p>\n<p>Prada Luna Rossa Ocean to perfumy \u015bwie\u017ce, m\u0119skie i nowoczesne \u2014 idealne na lato, do pracy, spotka\u0144 i casualowych chwil.<\/p>\n","protected":false},"excerpt":{"rendered":"<p>Prada Luna Rossa Ocean EDT &#8211; Odlewka perfum<\/p>\n","protected":false},"featured_media":577,"comment_status":"open","ping_status":"closed","template":"","meta":[],"product_brand":[],"product_cat":[19],"product_tag":[],"class_list":{"0":"post-401","1":"product","2":"type-product","3":"status-publish","4":"has-post-thumbnail","6":"product_cat-meskie","8":"first","9":"instock","10":"taxable","11":"shipping-taxable","12":"purchasable","13":"product-type-variable"},"_links":{"self":[{"href":"https:\/\/perfumehouse.pl\/index.php?rest_route=\/wp\/v2\/product\/401","targetHints":{"allow":["GET"]}}],"collection":[{"href":"https:\/\/perfumehouse.pl\/index.php?rest_route=\/wp\/v2\/product"}],"about":[{"href":"https:\/\/perfumehouse.pl\/index.php?rest_route=\/wp\/v2\/types\/product"}],"replies":[{"embeddable":true,"href":"https:\/\/perfumehouse.pl\/index.php?rest_route=%2Fwp%2Fv2%2Fcomments&post=401"}],"wp:featuredmedia":[{"embeddable":true,"href":"https:\/\/perfumehouse.pl\/index.php?rest_route=\/wp\/v2\/media\/577"}],"wp:attachment":[{"href":"https:\/\/perfumehouse.pl\/index.php?rest_route=%2Fwp%2Fv2%2Fmedia&parent=401"}],"wp:term":[{"taxonomy":"product_brand","embeddable":true,"href":"https:\/\/perfumehouse.pl\/index.php?rest_route=%2Fwp%2Fv2%2Fproduct_brand&post=401"},{"taxonomy":"product_cat","embeddable":true,"href":"https:\/\/perfumehouse.pl\/index.php?rest_route=%2Fwp%2Fv2%2Fproduct_cat&post=401"},{"taxonomy":"product_tag","embeddable":true,"href":"https:\/\/perfumehouse.pl\/index.php?rest_route=%2Fwp%2Fv2%2Fproduct_tag&post=401"}],"curies":[{"name":"wp","href":"https:\/\/api.w.org\/{rel}","templated":true}]}}