{"id":320,"date":"2026-03-06T16:05:25","date_gmt":"2026-03-06T15:05:25","guid":{"rendered":"https:\/\/perfumehouse.pl\/?post_type=product&#038;p=320"},"modified":"2026-03-20T15:53:10","modified_gmt":"2026-03-20T14:53:10","slug":"armaf-club-de-nuit-intense-man","status":"publish","type":"product","link":"https:\/\/perfumehouse.pl\/?product=armaf-club-de-nuit-intense-man","title":{"rendered":"Armaf Club de Nuit Intense Man"},"content":{"rendered":"<p>Armaf Club de Nuit Intense Man to ikonowy m\u0119ski zapach, kt\u00f3ry zdoby\u0142 popularno\u015b\u0107 na ca\u0142ym \u015bwiecie dzi\u0119ki swojej wyrazistej i zdecydowanej kompozycji. To propozycja dla m\u0119\u017cczyzny, kt\u00f3ry chce zaznaczy\u0107 swoj\u0105 obecno\u015b\u0107 i zrobi\u0107 wra\u017cenie bez wzgl\u0119du na okazj\u0119 \u2013 czy to elegancka kolacja, wieczorne wyj\u015bcie, czy spotkanie ze znajomymi.<\/p>\n<p>Ten zapach jest idealny dla m\u0119\u017cczyzn kt\u00f3rzy :<\/p>\n<ul>\n<li>ceni\u0105cych charakterystyczne, m\u0119skie aromaty pe\u0142ne kontrast\u00f3w,<\/li>\n<li>pewnych siebie i lubi\u0105cych by\u0107 zauwa\u017conymi w t\u0142umie,<\/li>\n<li>szukaj\u0105cych klasyki z nowoczesn\u0105 nut\u0105, kt\u00f3ra sprawdzi si\u0119 zar\u00f3wno na dzie\u0144, jak i na wiecz\u00f3r,<\/li>\n<li>kt\u00f3rzy chc\u0105 perfum z du\u017c\u0105 projekcj\u0105 i trwa\u0142o\u015bci\u0105<\/li>\n<\/ul>\n<p>Zapach zaczyna si\u0119 energetycznym, \u015bwie\u017cym uderzeniem cytrus\u00f3w i owoc\u00f3w \u2013 bergamotka, cytryna, ananas, czarna porzeczka i jab\u0142ko. Po chwili \u015bwie\u017co\u015b\u0107 przechodzi w bardziej g\u0142\u0119bszy, m\u0119ski charakter \u2013 drewno brzozy miesza si\u0119 z subtelnymi akordami ja\u015bminu i r\u00f3\u017cy, tworz\u0105c zmys\u0142ow\u0105 i bogat\u0105 kompozycj\u0119, kt\u00f3ra dodaje perfumom g\u0142\u0119bi. W ko\u0144cowej fazie dominuj\u0105 ciep\u0142e i drzewne akordy \u2013 ambra, paczuli oraz delikatna wanilia. Ta mieszanka daje perfumom trwa\u0142o\u015b\u0107 i przyjemn\u0105, m\u0119sk\u0105 g\u0142\u0119bi\u0119, kt\u00f3ra d\u0142ugo utrzymuje si\u0119 na sk\u00f3rze.<\/p>\n<p>To zapach charakterystyczny, odwa\u017cny i elegancki \u2013 \u015bwietny wyb\u00f3r zar\u00f3wno do codziennych stylizacji, jak i bardziej wyj\u0105tkowych wyj\u015b\u0107. Jego intensywno\u015b\u0107 i projekcja sprawiaj\u0105, \u017ce zostaje w pami\u0119ci i potrafi przyci\u0105gn\u0105\u0107 komplementy.<\/p>\n","protected":false},"excerpt":{"rendered":"<p>Armaf Club de Nuit Intense Man &#8211; Odlewka perfum<\/p>\n","protected":false},"featured_media":325,"comment_status":"open","ping_status":"closed","template":"","meta":[],"product_brand":[],"product_cat":[19],"product_tag":[],"class_list":{"0":"post-320","1":"product","2":"type-product","3":"status-publish","4":"has-post-thumbnail","6":"product_cat-meskie","8":"first","9":"instock","10":"taxable","11":"shipping-taxable","12":"purchasable","13":"product-type-variable"},"_links":{"self":[{"href":"https:\/\/perfumehouse.pl\/index.php?rest_route=\/wp\/v2\/product\/320","targetHints":{"allow":["GET"]}}],"collection":[{"href":"https:\/\/perfumehouse.pl\/index.php?rest_route=\/wp\/v2\/product"}],"about":[{"href":"https:\/\/perfumehouse.pl\/index.php?rest_route=\/wp\/v2\/types\/product"}],"replies":[{"embeddable":true,"href":"https:\/\/perfumehouse.pl\/index.php?rest_route=%2Fwp%2Fv2%2Fcomments&post=320"}],"wp:featuredmedia":[{"embeddable":true,"href":"https:\/\/perfumehouse.pl\/index.php?rest_route=\/wp\/v2\/media\/325"}],"wp:attachment":[{"href":"https:\/\/perfumehouse.pl\/index.php?rest_route=%2Fwp%2Fv2%2Fmedia&parent=320"}],"wp:term":[{"taxonomy":"product_brand","embeddable":true,"href":"https:\/\/perfumehouse.pl\/index.php?rest_route=%2Fwp%2Fv2%2Fproduct_brand&post=320"},{"taxonomy":"product_cat","embeddable":true,"href":"https:\/\/perfumehouse.pl\/index.php?rest_route=%2Fwp%2Fv2%2Fproduct_cat&post=320"},{"taxonomy":"product_tag","embeddable":true,"href":"https:\/\/perfumehouse.pl\/index.php?rest_route=%2Fwp%2Fv2%2Fproduct_tag&post=320"}],"curies":[{"name":"wp","href":"https:\/\/api.w.org\/{rel}","templated":true}]}}